{"id":267,"date":"2023-08-07T13:41:14","date_gmt":"2023-08-07T11:41:14","guid":{"rendered":"https:\/\/cs-lagarde.fr\/?page_id=267"},"modified":"2025-03-11T18:18:38","modified_gmt":"2025-03-11T17:18:38","slug":"secteurs-emploi","status":"publish","type":"page","link":"https:\/\/cs-lagarde.fr\/?page_id=267","title":{"rendered":"Emploi &#038; Insertion"},"content":{"rendered":"\n<p class=\"has-luminous-vivid-orange-color has-text-color\"><strong>Mobilisation Orientation Vers l&rsquo;Emploi (MOVE) : <\/strong><\/p>\n\n\n\n<p class=\"has-medium-font-size\">Le dispositif MOVE (Mobilisation Orientation Vers l\u2019Emploi) s\u2019inscrit dans les priorit\u00e9s du Contrat de Ville. Il vise a favoriser la mobilisation, l&rsquo;accueil, l&rsquo;information et l&rsquo;orientation des publics en mati\u00e8re de recherche d&#8217;emploi, notamment les habitants des quartiers populaires. <\/p>\n\n\n\n<p class=\"has-medium-font-size\">L&rsquo;animateur emploi travaille avec les personnes rencontr\u00e9es \u00e0 mettre en avant leurs comp\u00e9tences, lever les freins p\u00e9riph\u00e9riques \u00e0 l&#8217;emploi, affiner CV\/Lettre de motivation, \u00e0 parler insertion professionnelle, \u00e0 mettre ou remettre en lien avec le sevice public de l&rsquo;Emploi (Ex : P\u00f4le Emploi).<\/p>\n\n\n\n<p class=\"has-medium-font-size\"><strong>Pour rencontrer l&rsquo;animateur MOVE :<\/strong><\/p>\n\n\n\n<ul class=\"wp-block-list\">\n<li class=\"has-medium-font-size\">Le<strong> lundi et jeudi de 9h \u00e0 12h et de 14h \u00e0 18h<\/strong>, le <strong>mardi de 14h \u00e0 18h<\/strong>, le <strong>vendredi de 14h \u00e0 16h45<\/strong> \u00e0 l&rsquo;Espace Jeunes (37-41 avenue Fran\u00e7ois Mignet) ;<\/li>\n\n\n\n<li class=\"has-medium-font-size\">Le <strong>mardi de 9h \u00e0 12h <\/strong>au Centre Social La Garde (11 Boulevard du Metro) et le<strong> Mercredi de 14h \u00e0 18h <\/strong>au Centre Social Val Plan (14 rue Antonin Regnier) ;<\/li>\n\n\n\n<li class=\"has-medium-font-size\">Les <strong>vendredis matin de 9h \u00e0 12h <\/strong>lors des Permanences Emplois organis\u00e9es \u00e0 l&rsquo;Espace Jeunes avec la Mission Locale, du PLIE (Plans Locaux pour l&rsquo;Insertion et l&rsquo;Emploi), Impact Jeunes, Formation et M\u00e9tier, le DAVEQE (dispositif d&rsquo;accompagnement individuel vers l&#8217;emploi) et l\u2019ADDAP <\/li>\n\n\n\n<li class=\"has-medium-font-size\">Une fois par an, un \u00e9v\u00e9nement sur la Cit\u00e9 du Clos pour parler insertion et rencontrer des chefs d&rsquo;entreprises : <strong>Visez l&rsquo;Emploi<\/strong><\/li>\n<\/ul>\n\n\n\n<p><\/p>\n\n\n\n<p class=\"has-medium-font-size\"><em>Contact : <\/em>MZIMBA Sagaf, <a href=\"movelarose@gmail.com\" title=\"\">movelarose@gmail.com<\/a><\/p>\n\n\n\n<figure class=\"wp-block-image aligncenter size-full\"><img fetchpriority=\"high\" decoding=\"async\" width=\"602\" height=\"332\" src=\"https:\/\/cs-lagarde.fr\/wp-content\/uploads\/2023\/08\/Visez-lEmploi-2022.jpg\" alt=\"\" class=\"wp-image-381\" srcset=\"https:\/\/cs-lagarde.fr\/wp-content\/uploads\/2023\/08\/Visez-lEmploi-2022.jpg 602w, https:\/\/cs-lagarde.fr\/wp-content\/uploads\/2023\/08\/Visez-lEmploi-2022-300x165.jpg 300w\" sizes=\"(max-width: 602px) 100vw, 602px\" \/><\/figure>\n\n\n\n<p class=\"has-medium-font-size\"><strong>Ateliers Linguistiques<\/strong> <strong> :<\/strong><\/p>\n\n\n\n<p class=\"has-medium-font-size\"><mark style=\"background-color:rgba(0, 0, 0, 0)\" class=\"has-inline-color has-vivid-purple-color\">Alphagarde d&rsquo;enfants : <\/mark>Cette action s&rsquo;adresse aux b\u00e9n\u00e9ficiaires du RSA ne ma\u00eetrisant pas ou mal le fran\u00e7ais. Il s&rsquo;agit d&rsquo;un temps d&rsquo;apprentissage linguistique (3 fois par semaine) au cours duquel les enfants en bas \u00e2ges des stagiaires sont accueillis par deux professionnelles du Centre Social. Ce service rendu aux stagiaires doit faciliter leur inscription et leur participation \u00e0 cette action et leur permettre de prendre conscience progressivement qu&rsquo;une s\u00e9paration avec leur(s) enfant(s) est possible pour d&rsquo;autres parcours qu&rsquo;ils pourront suivre.<\/p>\n\n\n\n<p class=\"has-medium-font-size\">L&rsquo;action se d\u00e9roule le <strong>lundi, mardi et vendredi matin de 9h \u00e0 12h<\/strong> hors p\u00e9riode de vacances scolaires.<\/p>\n\n\n\n<p class=\"has-medium-font-size\"><mark style=\"background-color:rgba(0, 0, 0, 0)\" class=\"has-inline-color has-vivid-purple-color\">Ateliers Linguistiques \u00e0 Vis\u00e9e Sociale : <\/mark>Cette action s&rsquo;adresse \u00e0 des personnes vivant dans le Bassin de la Rose et ne ma\u00eetrisant pas ou mal le fran\u00e7ais. L&rsquo;objectif est de faciliter l\u2019acc\u00e8s \u00e0 une action linguistique dans la proximit\u00e9 pour ces personnes mais \u00e9galement d&rsquo;offrir des activit\u00e9s culturelles en lien avec les partenaires du territoire : sorties th\u00e9\u00e2tre, \u00e0 l&rsquo;op\u00e9ra, visites culturelles etc. <\/p>\n\n\n\n<p class=\"has-medium-font-size\">L&rsquo;action se d\u00e9roule le lundi et le mardi apr\u00e8s-midi de 14h \u00e0 16h.<\/p>\n\n\n\n<p class=\"has-medium-font-size\"><em>Contact :<\/em>LEMASSON REIGNIER Anne, <a href=\"anne.lemasson@cs-lagarde.fr\" title=\"\">anne.lemasson@cs-lagarde.fr<\/a><\/p>\n\n\n\n<figure class=\"wp-block-gallery has-nested-images columns-default is-cropped wp-block-gallery-1 is-layout-flex wp-block-gallery-is-layout-flex\">\n<figure class=\"wp-block-image size-large\"><img decoding=\"async\" width=\"1024\" height=\"682\" data-id=\"377\" src=\"https:\/\/cs-lagarde.fr\/wp-content\/uploads\/2023\/08\/Alpha-visee-sociale-1-1024x682.jpg\" alt=\"\" class=\"wp-image-377\" srcset=\"https:\/\/cs-lagarde.fr\/wp-content\/uploads\/2023\/08\/Alpha-visee-sociale-1-1024x682.jpg 1024w, https:\/\/cs-lagarde.fr\/wp-content\/uploads\/2023\/08\/Alpha-visee-sociale-1-300x200.jpg 300w, https:\/\/cs-lagarde.fr\/wp-content\/uploads\/2023\/08\/Alpha-visee-sociale-1-768x512.jpg 768w, https:\/\/cs-lagarde.fr\/wp-content\/uploads\/2023\/08\/Alpha-visee-sociale-1-1536x1023.jpg 1536w, https:\/\/cs-lagarde.fr\/wp-content\/uploads\/2023\/08\/Alpha-visee-sociale-1-2048x1364.jpg 2048w\" sizes=\"(max-width: 1024px) 100vw, 1024px\" \/><figcaption class=\"wp-element-caption\">Visite de l&rsquo;op\u00e9ra de Marseille en 2022<\/figcaption><\/figure>\n\n\n\n<figure class=\"wp-block-image size-large\"><img decoding=\"async\" width=\"1024\" height=\"682\" data-id=\"378\" src=\"https:\/\/cs-lagarde.fr\/wp-content\/uploads\/2023\/08\/Alpha-visee-sociale-1024x682.jpg\" alt=\"\" class=\"wp-image-378\" srcset=\"https:\/\/cs-lagarde.fr\/wp-content\/uploads\/2023\/08\/Alpha-visee-sociale-1024x682.jpg 1024w, https:\/\/cs-lagarde.fr\/wp-content\/uploads\/2023\/08\/Alpha-visee-sociale-300x200.jpg 300w, https:\/\/cs-lagarde.fr\/wp-content\/uploads\/2023\/08\/Alpha-visee-sociale-768x512.jpg 768w, https:\/\/cs-lagarde.fr\/wp-content\/uploads\/2023\/08\/Alpha-visee-sociale-1536x1023.jpg 1536w, https:\/\/cs-lagarde.fr\/wp-content\/uploads\/2023\/08\/Alpha-visee-sociale-2048x1364.jpg 2048w\" sizes=\"(max-width: 1024px) 100vw, 1024px\" \/><figcaption class=\"wp-element-caption\">Visite de l&rsquo;Op\u00e9ra en 2022<\/figcaption><\/figure>\n<\/figure>\n","protected":false},"excerpt":{"rendered":"<p>Voici un extrait de la page<\/p>\n","protected":false},"author":1,"featured_media":1213,"parent":0,"menu_order":0,"comment_status":"closed","ping_status":"closed","template":"","meta":{"_monsterinsights_skip_tracking":false,"_monsterinsights_sitenote_active":false,"_monsterinsights_sitenote_note":"","_monsterinsights_sitenote_category":0,"_themeisle_gutenberg_block_has_review":false,"footnotes":""},"class_list":["post-267","page","type-page","status-publish","has-post-thumbnail","hentry"],"aioseo_notices":[],"_links":{"self":[{"href":"https:\/\/cs-lagarde.fr\/index.php?rest_route=\/wp\/v2\/pages\/267","targetHints":{"allow":["GET"]}}],"collection":[{"href":"https:\/\/cs-lagarde.fr\/index.php?rest_route=\/wp\/v2\/pages"}],"about":[{"href":"https:\/\/cs-lagarde.fr\/index.php?rest_route=\/wp\/v2\/types\/page"}],"author":[{"embeddable":true,"href":"https:\/\/cs-lagarde.fr\/index.php?rest_route=\/wp\/v2\/users\/1"}],"replies":[{"embeddable":true,"href":"https:\/\/cs-lagarde.fr\/index.php?rest_route=%2Fwp%2Fv2%2Fcomments&post=267"}],"version-history":[{"count":15,"href":"https:\/\/cs-lagarde.fr\/index.php?rest_route=\/wp\/v2\/pages\/267\/revisions"}],"predecessor-version":[{"id":526,"href":"https:\/\/cs-lagarde.fr\/index.php?rest_route=\/wp\/v2\/pages\/267\/revisions\/526"}],"wp:featuredmedia":[{"embeddable":true,"href":"https:\/\/cs-lagarde.fr\/index.php?rest_route=\/wp\/v2\/media\/1213"}],"wp:attachment":[{"href":"https:\/\/cs-lagarde.fr\/index.php?rest_route=%2Fwp%2Fv2%2Fmedia&parent=267"}],"curies":[{"name":"wp","href":"https:\/\/api.w.org\/{rel}","templated":true}]}}

<p class="has-luminous-vivid-orange-color has-text-color"><strong>Mobilisation Orientation Vers l&rsquo;Emploi (MOVE) : </strong></p>



<p class="has-medium-font-size">Le dispositif MOVE (Mobilisation Orientation Vers l’Emploi) s’inscrit dans les priorités du Contrat de Ville. Il vise a favoriser la mobilisation, l&rsquo;accueil, l&rsquo;information et l&rsquo;orientation des publics en matière de recherche d&#8217;emploi, notamment les habitants des quartiers populaires. </p>



<p class="has-medium-font-size">L&rsquo;animateur emploi travaille avec les personnes rencontrées à mettre en avant leurs compétences, lever les freins périphériques à l&#8217;emploi, affiner CV/Lettre de motivation, à parler insertion professionnelle, à mettre ou remettre en lien avec le sevice public de l&rsquo;Emploi (Ex : Pôle Emploi).</p>



<p class="has-medium-font-size"><strong>Pour rencontrer l&rsquo;animateur MOVE :</strong></p>



<ul class="wp-block-list">
<li class="has-medium-font-size">Le<strong> lundi et jeudi de 9h à 12h et de 14h à 18h</strong>, le <strong>mardi de 14h à 18h</strong>, le <strong>vendredi de 14h à 16h45</strong> à l&rsquo;Espace Jeunes (37-41 avenue François Mignet) ;</li>



<li class="has-medium-font-size">Le <strong>mardi de 9h à 12h </strong>au Centre Social La Garde (11 Boulevard du Metro) et le<strong> Mercredi de 14h à 18h </strong>au Centre Social Val Plan (14 rue Antonin Regnier) ;</li>



<li class="has-medium-font-size">Les <strong>vendredis matin de 9h à 12h </strong>lors des Permanences Emplois organisées à l&rsquo;Espace Jeunes avec la Mission Locale, du PLIE (Plans Locaux pour l&rsquo;Insertion et l&rsquo;Emploi), Impact Jeunes, Formation et Métier, le DAVEQE (dispositif d&rsquo;accompagnement individuel vers l&#8217;emploi) et l’ADDAP </li>



<li class="has-medium-font-size">Une fois par an, un événement sur la Cité du Clos pour parler insertion et rencontrer des chefs d&rsquo;entreprises : <strong>Visez l&rsquo;Emploi</strong></li>
</ul>



<p></p>



<p class="has-medium-font-size"><em>Contact : </em>MZIMBA Sagaf, <a href="movelarose@gmail.com" title="">movelarose@gmail.com</a></p>



<figure class="wp-block-image aligncenter size-full"><img fetchpriority="high" decoding="async" width="602" height="332" src="https://cs-lagarde.fr/wp-content/uploads/2023/08/Visez-lEmploi-2022.jpg" alt="" class="wp-image-381" srcset="https://cs-lagarde.fr/wp-content/uploads/2023/08/Visez-lEmploi-2022.jpg 602w, https://cs-lagarde.fr/wp-content/uploads/2023/08/Visez-lEmploi-2022-300x165.jpg 300w" sizes="(max-width: 602px) 100vw, 602px" /></figure>



<p class="has-medium-font-size"><strong>Ateliers Linguistiques</strong> <strong> :</strong></p>



<p class="has-medium-font-size"><mark style="background-color:rgba(0, 0, 0, 0)" class="has-inline-color has-vivid-purple-color">Alphagarde d&rsquo;enfants : </mark>Cette action s&rsquo;adresse aux bénéficiaires du RSA ne maîtrisant pas ou mal le français. Il s&rsquo;agit d&rsquo;un temps d&rsquo;apprentissage linguistique (3 fois par semaine) au cours duquel les enfants en bas âges des stagiaires sont accueillis par deux professionnelles du Centre Social. Ce service rendu aux stagiaires doit faciliter leur inscription et leur participation à cette action et leur permettre de prendre conscience progressivement qu&rsquo;une séparation avec leur(s) enfant(s) est possible pour d&rsquo;autres parcours qu&rsquo;ils pourront suivre.</p>



<p class="has-medium-font-size">L&rsquo;action se déroule le <strong>lundi, mardi et vendredi matin de 9h à 12h</strong> hors période de vacances scolaires.</p>



<p class="has-medium-font-size"><mark style="background-color:rgba(0, 0, 0, 0)" class="has-inline-color has-vivid-purple-color">Ateliers Linguistiques à Visée Sociale : </mark>Cette action s&rsquo;adresse à des personnes vivant dans le Bassin de la Rose et ne maîtrisant pas ou mal le français. L&rsquo;objectif est de faciliter l’accès à une action linguistique dans la proximité pour ces personnes mais également d&rsquo;offrir des activités culturelles en lien avec les partenaires du territoire : sorties théâtre, à l&rsquo;opéra, visites culturelles etc. </p>



<p class="has-medium-font-size">L&rsquo;action se déroule le lundi et le mardi après-midi de 14h à 16h.</p>



<p class="has-medium-font-size"><em>Contact :</em>LEMASSON REIGNIER Anne, <a href="anne.lemasson@cs-lagarde.fr" title="">anne.lemasson@cs-lagarde.fr</a></p>



<figure class="wp-block-gallery has-nested-images columns-default is-cropped wp-block-gallery-1 is-layout-flex wp-block-gallery-is-layout-flex">
<figure class="wp-block-image size-large"><img decoding="async" width="1024" height="682" data-id="377" src="https://cs-lagarde.fr/wp-content/uploads/2023/08/Alpha-visee-sociale-1-1024x682.jpg" alt="" class="wp-image-377" srcset="https://cs-lagarde.fr/wp-content/uploads/2023/08/Alpha-visee-sociale-1-1024x682.jpg 1024w, https://cs-lagarde.fr/wp-content/uploads/2023/08/Alpha-visee-sociale-1-300x200.jpg 300w, https://cs-lagarde.fr/wp-content/uploads/2023/08/Alpha-visee-sociale-1-768x512.jpg 768w, https://cs-lagarde.fr/wp-content/uploads/2023/08/Alpha-visee-sociale-1-1536x1023.jpg 1536w, https://cs-lagarde.fr/wp-content/uploads/2023/08/Alpha-visee-sociale-1-2048x1364.jpg 2048w" sizes="(max-width: 1024px) 100vw, 1024px" /><figcaption class="wp-element-caption">Visite de l&rsquo;opéra de Marseille en 2022</figcaption></figure>



<figure class="wp-block-image size-large"><img decoding="async" width="1024" height="682" data-id="378" src="https://cs-lagarde.fr/wp-content/uploads/2023/08/Alpha-visee-sociale-1024x682.jpg" alt="" class="wp-image-378" srcset="https://cs-lagarde.fr/wp-content/uploads/2023/08/Alpha-visee-sociale-1024x682.jpg 1024w, https://cs-lagarde.fr/wp-content/uploads/2023/08/Alpha-visee-sociale-300x200.jpg 300w, https://cs-lagarde.fr/wp-content/uploads/2023/08/Alpha-visee-sociale-768x512.jpg 768w, https://cs-lagarde.fr/wp-content/uploads/2023/08/Alpha-visee-sociale-1536x1023.jpg 1536w, https://cs-lagarde.fr/wp-content/uploads/2023/08/Alpha-visee-sociale-2048x1364.jpg 2048w" sizes="(max-width: 1024px) 100vw, 1024px" /><figcaption class="wp-element-caption">Visite de l&rsquo;Opéra en 2022</figcaption></figure>
</figure>
