{"id":264,"date":"2023-08-07T13:40:05","date_gmt":"2023-08-07T11:40:05","guid":{"rendered":"https:\/\/cs-lagarde.fr\/?page_id=264"},"modified":"2025-03-25T18:02:03","modified_gmt":"2025-03-25T17:02:03","slug":"aide-administrative","status":"publish","type":"page","link":"https:\/\/cs-lagarde.fr\/?page_id=264","title":{"rendered":"Aide administrative"},"content":{"rendered":"\n<p class=\"has-medium-font-size\">Afin d\u2019accompagner les habitants dans leurs d\u00e9marches du quotidien ou r\u00e9pondre \u00e0 certaines de leurs difficult\u00e9s administratives plusieurs permanences sont mises en places&nbsp;:<\/p>\n\n\n\n<p class=\"has-medium-font-size\">&#8211; Chaque vendredi de 14h \u00e0 17h une permanence administrative est propos\u00e9e \u00e0 tous les habitants (CAF, Assurance Maladie, demande de logements etc.) ;<\/p>\n\n\n\n<p class=\"has-medium-font-size\"><\/p>\n\n\n\n<p class=\"has-medium-font-size\">Ces permanences sont ouvertes \u00e0 toutes et \u00e0 tous mais uniquement sur rdv. <\/p>\n\n\n\n<p class=\"has-medium-font-size\">Pour prendre rendez-vous, contacter l\u2019accueil par t\u00e9l\u00e9phone ou se d\u00e9placer directement au Centre Social<\/p>\n\n\n\n<p><\/p>\n\n\n\n<figure class=\"wp-block-gallery has-nested-images columns-default is-cropped wp-block-gallery-1 is-layout-flex wp-block-gallery-is-layout-flex\">\n<figure class=\"wp-block-image size-large\"><img fetchpriority=\"high\" decoding=\"async\" width=\"724\" height=\"1024\" data-id=\"434\" src=\"https:\/\/cs-lagarde.fr\/wp-content\/uploads\/2023\/08\/aide-administrative-724x1024.png\" alt=\"\" class=\"wp-image-434\" srcset=\"https:\/\/cs-lagarde.fr\/wp-content\/uploads\/2023\/08\/aide-administrative-724x1024.png 724w, https:\/\/cs-lagarde.fr\/wp-content\/uploads\/2023\/08\/aide-administrative-212x300.png 212w, https:\/\/cs-lagarde.fr\/wp-content\/uploads\/2023\/08\/aide-administrative-768x1086.png 768w, https:\/\/cs-lagarde.fr\/wp-content\/uploads\/2023\/08\/aide-administrative-1086x1536.png 1086w, https:\/\/cs-lagarde.fr\/wp-content\/uploads\/2023\/08\/aide-administrative.png 1414w\" sizes=\"(max-width: 724px) 100vw, 724px\" \/><\/figure>\n<\/figure>\n","protected":false},"excerpt":{"rendered":"<p>Description de la page<\/p>\n","protected":false},"author":1,"featured_media":434,"parent":0,"menu_order":0,"comment_status":"closed","ping_status":"closed","template":"","meta":{"_monsterinsights_skip_tracking":false,"_monsterinsights_sitenote_active":false,"_monsterinsights_sitenote_note":"","_monsterinsights_sitenote_category":0,"_themeisle_gutenberg_block_has_review":false,"footnotes":""},"class_list":["post-264","page","type-page","status-publish","has-post-thumbnail","hentry"],"aioseo_notices":[],"_links":{"self":[{"href":"https:\/\/cs-lagarde.fr\/index.php?rest_route=\/wp\/v2\/pages\/264","targetHints":{"allow":["GET"]}}],"collection":[{"href":"https:\/\/cs-lagarde.fr\/index.php?rest_route=\/wp\/v2\/pages"}],"about":[{"href":"https:\/\/cs-lagarde.fr\/index.php?rest_route=\/wp\/v2\/types\/page"}],"author":[{"embeddable":true,"href":"https:\/\/cs-lagarde.fr\/index.php?rest_route=\/wp\/v2\/users\/1"}],"replies":[{"embeddable":true,"href":"https:\/\/cs-lagarde.fr\/index.php?rest_route=%2Fwp%2Fv2%2Fcomments&post=264"}],"version-history":[{"count":6,"href":"https:\/\/cs-lagarde.fr\/index.php?rest_route=\/wp\/v2\/pages\/264\/revisions"}],"predecessor-version":[{"id":1245,"href":"https:\/\/cs-lagarde.fr\/index.php?rest_route=\/wp\/v2\/pages\/264\/revisions\/1245"}],"wp:featuredmedia":[{"embeddable":true,"href":"https:\/\/cs-lagarde.fr\/index.php?rest_route=\/wp\/v2\/media\/434"}],"wp:attachment":[{"href":"https:\/\/cs-lagarde.fr\/index.php?rest_route=%2Fwp%2Fv2%2Fmedia&parent=264"}],"curies":[{"name":"wp","href":"https:\/\/api.w.org\/{rel}","templated":true}]}}

<p class="has-medium-font-size">Afin d’accompagner les habitants dans leurs démarches du quotidien ou répondre à certaines de leurs difficultés administratives plusieurs permanences sont mises en places&nbsp;:</p>



<p class="has-medium-font-size">&#8211; Chaque vendredi de 14h à 17h une permanence administrative est proposée à tous les habitants (CAF, Assurance Maladie, demande de logements etc.) ;</p>



<p class="has-medium-font-size"></p>



<p class="has-medium-font-size">Ces permanences sont ouvertes à toutes et à tous mais uniquement sur rdv. </p>



<p class="has-medium-font-size">Pour prendre rendez-vous, contacter l’accueil par téléphone ou se déplacer directement au Centre Social</p>



<p></p>



<figure class="wp-block-gallery has-nested-images columns-default is-cropped wp-block-gallery-1 is-layout-flex wp-block-gallery-is-layout-flex">
<figure class="wp-block-image size-large"><img fetchpriority="high" decoding="async" width="724" height="1024" data-id="434" src="https://cs-lagarde.fr/wp-content/uploads/2023/08/aide-administrative-724x1024.png" alt="" class="wp-image-434" srcset="https://cs-lagarde.fr/wp-content/uploads/2023/08/aide-administrative-724x1024.png 724w, https://cs-lagarde.fr/wp-content/uploads/2023/08/aide-administrative-212x300.png 212w, https://cs-lagarde.fr/wp-content/uploads/2023/08/aide-administrative-768x1086.png 768w, https://cs-lagarde.fr/wp-content/uploads/2023/08/aide-administrative-1086x1536.png 1086w, https://cs-lagarde.fr/wp-content/uploads/2023/08/aide-administrative.png 1414w" sizes="(max-width: 724px) 100vw, 724px" /></figure>
</figure>
