{"id":237,"date":"2023-08-02T15:36:07","date_gmt":"2023-08-02T13:36:07","guid":{"rendered":"https:\/\/cs-lagarde.fr\/?page_id=237"},"modified":"2023-08-09T11:47:58","modified_gmt":"2023-08-09T09:47:58","slug":"le-projet-social","status":"publish","type":"page","link":"https:\/\/cs-lagarde.fr\/?page_id=237","title":{"rendered":"Le projet social"},"content":{"rendered":"\n<p>Le projet social est un outil qui permet de fixer un cap aux \u00e9quipes salari\u00e9s et b\u00e9n\u00e9voles. C\u2019est dans le projet social que sont d\u00e9finies les principales orientations du Centre Social. G\u00e9n\u00e9ralement, le projet social s\u2019\u00e9tend sur une p\u00e9riode de 4 ans. Mais il est r\u00e9guli\u00e8rement requestionn\u00e9 pour s\u2019adapter aux \u00e9volutions du territoire et des besoins des habitants.<\/p>\n\n\n\n<p>Le projet social du Centre Social &amp; Culturel la Garde est le fruit d\u2019un travail de plusieurs mois, au cours duquel salari\u00e9s et b\u00e9n\u00e9voles sont all\u00e9s \u00e0 la rencontre des acteurs de terrain, des habitants et des institutions pour les \u00e9couter, les interroger sur les \u00e9volutions du territoire, recueillir leur ressentis. Ce travail \u00ab&nbsp;d\u2019aller-vers&nbsp;\u00bb, coupl\u00e9 \u00e0 des ateliers de r\u00e9flexion, a permis de mettre en exergue plusieurs axes prioritaires&nbsp;d\u2019intervention pour la p\u00e9riode 2022-2025 :<\/p>\n\n\n\n<p class=\"has-luminous-vivid-orange-color has-text-color has-background\" style=\"background:linear-gradient(135deg,rgb(202,248,128) 0%,rgb(202,248,128) 42%,rgb(113,206,126) 100%)\"><strong>Orientation 1. <\/strong>Faciliter les pratiques socio-culturelles des habitants<\/p>\n\n\n\n<ul class=\"wp-block-list\">\n<li>D\u00e9velopper une d\u00e9marche d\u2019animation \u00ab&nbsp;hors les murs&nbsp;\u00bb<\/li>\n\n\n\n<li>\u00c9laborer une offre socioculturelle innovante et accessible<\/li>\n\n\n\n<li>Valoriser les talents des habitants<\/li>\n<\/ul>\n\n\n\n<p class=\"has-luminous-vivid-orange-color has-text-color has-background\" style=\"background:linear-gradient(135deg,rgb(202,248,128) 0%,rgb(202,248,128) 74%,rgb(113,206,126) 100%)\"><strong>Orientation 2. <\/strong>Soutenir le pouvoir d\u2019agir des habitants dans leur parcours de vie et leur engagement citoyen<\/p>\n\n\n\n<ul class=\"wp-block-list\">\n<li>Accueillir et accompagner les parents dans leurs diversit\u00e9s \u00e9ducatives<\/li>\n\n\n\n<li>Cr\u00e9er les conditions favorables \u00e0 la rencontre et \u00e0 l\u2019expression des habitants<\/li>\n\n\n\n<li>Pr\u00e9venir les diff\u00e9rents risques de d\u00e9crochage, pr\u00e9carit\u00e9, d\u2019isolement, d\u2019exclusion<\/li>\n\n\n\n<li>Faire \u00e9merger par les habitants les solutions \u00e0 leurs besoins et les accompagner dans leur mise en \u0153uvre<\/li>\n\n\n\n<li>Inciter, accompagner, valoriser les initiatives citoyennes<\/li>\n<\/ul>\n\n\n\n<p class=\"has-luminous-vivid-orange-color has-text-color has-background\" style=\"background:linear-gradient(135deg,rgb(202,248,128) 57%,rgb(113,206,126) 100%)\"><strong>Orientation 3. <\/strong>Accompagner les habitants dans l\u2019am\u00e9lioration de leur cadre de vie<\/p>\n\n\n\n<ul class=\"wp-block-list\">\n<li>Sensibiliser et former les habitants \u00e0 l\u2019\u00e9co-citoyennet\u00e9<\/li>\n\n\n\n<li>Faciliter la cr\u00e9ation et l\u2019am\u00e9lioration des espaces collectifs ext\u00e9rieurs de proximit\u00e9<\/li>\n\n\n\n<li>Pacifier les relations sociales locales<\/li>\n<\/ul>\n\n\n\n<p class=\"has-luminous-vivid-orange-color has-text-color has-background\" style=\"background:linear-gradient(135deg,rgb(202,248,128) 0%,rgb(202,248,128) 64%,rgb(113,206,126) 100%)\"><strong>Orientation 4. <\/strong>Conscientiser les habitants aux enjeux du num\u00e9rique dans leur vie quotidienne<\/p>\n\n\n\n<ul class=\"wp-block-list\">\n<li>D\u00e9velopper et renforcer les comp\u00e9tences num\u00e9riques des habitants<\/li>\n\n\n\n<li>Pr\u00e9venir les risques li\u00e9s \u00e0 l\u2019usage du num\u00e9rique<\/li>\n\n\n\n<li>Valoriser les bonnes pratiques<\/li>\n<\/ul>\n\n\n\n<p><\/p>\n\n\n\n<figure class=\"wp-block-image aligncenter size-large\"><img fetchpriority=\"high\" decoding=\"async\" width=\"724\" height=\"1024\" src=\"https:\/\/cs-lagarde.fr\/wp-content\/uploads\/2023\/08\/Orientations-Centre-Social-724x1024.png\" alt=\"\" class=\"wp-image-331\" srcset=\"https:\/\/cs-lagarde.fr\/wp-content\/uploads\/2023\/08\/Orientations-Centre-Social-724x1024.png 724w, https:\/\/cs-lagarde.fr\/wp-content\/uploads\/2023\/08\/Orientations-Centre-Social-212x300.png 212w, https:\/\/cs-lagarde.fr\/wp-content\/uploads\/2023\/08\/Orientations-Centre-Social-768x1086.png 768w, https:\/\/cs-lagarde.fr\/wp-content\/uploads\/2023\/08\/Orientations-Centre-Social-1086x1536.png 1086w, https:\/\/cs-lagarde.fr\/wp-content\/uploads\/2023\/08\/Orientations-Centre-Social-1448x2048.png 1448w, https:\/\/cs-lagarde.fr\/wp-content\/uploads\/2023\/08\/Orientations-Centre-Social.png 1587w\" sizes=\"(max-width: 724px) 100vw, 724px\" \/><\/figure>\n","protected":false},"excerpt":{"rendered":"<p>Le projet social est un outil qui permet de fixer un cap aux \u00e9quipes salari\u00e9s et b\u00e9n\u00e9voles. C\u2019est dans le projet social que sont d\u00e9finies les principales orientations du Centre Social. G\u00e9n\u00e9ralement, le projet social s\u2019\u00e9tend sur une p\u00e9riode de 4 ans. Mais il est r\u00e9guli\u00e8rement requestionn\u00e9 pour s\u2019adapter aux \u00e9volutions du territoire et des besoins des habitants. Le projet social du Centre Social &amp; Culturel la Garde est le fruit d\u2019un travail de plusieurs mois, au cours duquel salari\u00e9s et b\u00e9n\u00e9voles sont all\u00e9s \u00e0 la rencontre des acteurs de terrain, des habitants et des institutions pour les \u00e9couter, les interroger sur les \u00e9volutions du territoire, recueillir leur ressentis. Ce travail \u00ab&nbsp;d\u2019aller-vers&nbsp;\u00bb, coupl\u00e9 \u00e0 des ateliers de r\u00e9flexion, a permis de mettre en exergue plusieurs axes prioritaires&nbsp;d\u2019intervention pour la p\u00e9riode 2022-2025 : Orientation 1. Faciliter les pratiques socio-culturelles des habitants Orientation 2. Soutenir le pouvoir d\u2019agir des habitants dans leur parcours de vie et leur engagement citoyen Orientation 3. Accompagner les habitants dans l\u2019am\u00e9lioration de leur cadre de vie Orientation 4. Conscientiser les habitants aux enjeux du num\u00e9rique dans leur vie quotidienne<\/p>\n","protected":false},"author":1,"featured_media":0,"parent":0,"menu_order":0,"comment_status":"closed","ping_status":"closed","template":"","meta":{"_monsterinsights_skip_tracking":false,"_monsterinsights_sitenote_active":false,"_monsterinsights_sitenote_note":"","_monsterinsights_sitenote_category":0,"_themeisle_gutenberg_block_has_review":false,"footnotes":""},"class_list":["post-237","page","type-page","status-publish","hentry"],"aioseo_notices":[],"_links":{"self":[{"href":"https:\/\/cs-lagarde.fr\/index.php?rest_route=\/wp\/v2\/pages\/237","targetHints":{"allow":["GET"]}}],"collection":[{"href":"https:\/\/cs-lagarde.fr\/index.php?rest_route=\/wp\/v2\/pages"}],"about":[{"href":"https:\/\/cs-lagarde.fr\/index.php?rest_route=\/wp\/v2\/types\/page"}],"author":[{"embeddable":true,"href":"https:\/\/cs-lagarde.fr\/index.php?rest_route=\/wp\/v2\/users\/1"}],"replies":[{"embeddable":true,"href":"https:\/\/cs-lagarde.fr\/index.php?rest_route=%2Fwp%2Fv2%2Fcomments&post=237"}],"version-history":[{"count":2,"href":"https:\/\/cs-lagarde.fr\/index.php?rest_route=\/wp\/v2\/pages\/237\/revisions"}],"predecessor-version":[{"id":332,"href":"https:\/\/cs-lagarde.fr\/index.php?rest_route=\/wp\/v2\/pages\/237\/revisions\/332"}],"wp:attachment":[{"href":"https:\/\/cs-lagarde.fr\/index.php?rest_route=%2Fwp%2Fv2%2Fmedia&parent=237"}],"curies":[{"name":"wp","href":"https:\/\/api.w.org\/{rel}","templated":true}]}}

<p>Le projet social est un outil qui permet de fixer un cap aux équipes salariés et bénévoles. C’est dans le projet social que sont définies les principales orientations du Centre Social. Généralement, le projet social s’étend sur une période de 4 ans. Mais il est régulièrement requestionné pour s’adapter aux évolutions du territoire et des besoins des habitants.</p>



<p>Le projet social du Centre Social &amp; Culturel la Garde est le fruit d’un travail de plusieurs mois, au cours duquel salariés et bénévoles sont allés à la rencontre des acteurs de terrain, des habitants et des institutions pour les écouter, les interroger sur les évolutions du territoire, recueillir leur ressentis. Ce travail «&nbsp;d’aller-vers&nbsp;», couplé à des ateliers de réflexion, a permis de mettre en exergue plusieurs axes prioritaires&nbsp;d’intervention pour la période 2022-2025 :</p>



<p class="has-luminous-vivid-orange-color has-text-color has-background" style="background:linear-gradient(135deg,rgb(202,248,128) 0%,rgb(202,248,128) 42%,rgb(113,206,126) 100%)"><strong>Orientation 1. </strong>Faciliter les pratiques socio-culturelles des habitants</p>



<ul class="wp-block-list">
<li>Développer une démarche d’animation «&nbsp;hors les murs&nbsp;»</li>



<li>Élaborer une offre socioculturelle innovante et accessible</li>



<li>Valoriser les talents des habitants</li>
</ul>



<p class="has-luminous-vivid-orange-color has-text-color has-background" style="background:linear-gradient(135deg,rgb(202,248,128) 0%,rgb(202,248,128) 74%,rgb(113,206,126) 100%)"><strong>Orientation 2. </strong>Soutenir le pouvoir d’agir des habitants dans leur parcours de vie et leur engagement citoyen</p>



<ul class="wp-block-list">
<li>Accueillir et accompagner les parents dans leurs diversités éducatives</li>



<li>Créer les conditions favorables à la rencontre et à l’expression des habitants</li>



<li>Prévenir les différents risques de décrochage, précarité, d’isolement, d’exclusion</li>



<li>Faire émerger par les habitants les solutions à leurs besoins et les accompagner dans leur mise en œuvre</li>



<li>Inciter, accompagner, valoriser les initiatives citoyennes</li>
</ul>



<p class="has-luminous-vivid-orange-color has-text-color has-background" style="background:linear-gradient(135deg,rgb(202,248,128) 57%,rgb(113,206,126) 100%)"><strong>Orientation 3. </strong>Accompagner les habitants dans l’amélioration de leur cadre de vie</p>



<ul class="wp-block-list">
<li>Sensibiliser et former les habitants à l’éco-citoyenneté</li>



<li>Faciliter la création et l’amélioration des espaces collectifs extérieurs de proximité</li>



<li>Pacifier les relations sociales locales</li>
</ul>



<p class="has-luminous-vivid-orange-color has-text-color has-background" style="background:linear-gradient(135deg,rgb(202,248,128) 0%,rgb(202,248,128) 64%,rgb(113,206,126) 100%)"><strong>Orientation 4. </strong>Conscientiser les habitants aux enjeux du numérique dans leur vie quotidienne</p>



<ul class="wp-block-list">
<li>Développer et renforcer les compétences numériques des habitants</li>



<li>Prévenir les risques liés à l’usage du numérique</li>



<li>Valoriser les bonnes pratiques</li>
</ul>



<p></p>



<figure class="wp-block-image aligncenter size-large"><img fetchpriority="high" decoding="async" width="724" height="1024" src="https://cs-lagarde.fr/wp-content/uploads/2023/08/Orientations-Centre-Social-724x1024.png" alt="" class="wp-image-331" srcset="https://cs-lagarde.fr/wp-content/uploads/2023/08/Orientations-Centre-Social-724x1024.png 724w, https://cs-lagarde.fr/wp-content/uploads/2023/08/Orientations-Centre-Social-212x300.png 212w, https://cs-lagarde.fr/wp-content/uploads/2023/08/Orientations-Centre-Social-768x1086.png 768w, https://cs-lagarde.fr/wp-content/uploads/2023/08/Orientations-Centre-Social-1086x1536.png 1086w, https://cs-lagarde.fr/wp-content/uploads/2023/08/Orientations-Centre-Social-1448x2048.png 1448w, https://cs-lagarde.fr/wp-content/uploads/2023/08/Orientations-Centre-Social.png 1587w" sizes="(max-width: 724px) 100vw, 724px" /></figure>

<p>Le projet social est un outil qui permet de fixer un cap aux équipes salariés et bénévoles. C’est dans le projet social que sont définies les principales orientations du Centre Social. Généralement, le projet social s’étend sur une période de 4 ans. Mais il est régulièrement requestionné pour s’adapter aux évolutions du territoire et des besoins des habitants. Le projet social du Centre Social &amp; Culturel la Garde est le fruit d’un travail de plusieurs mois, au cours duquel salariés et bénévoles sont allés à la rencontre des acteurs de terrain, des habitants et des institutions pour les écouter, les interroger sur les évolutions du territoire, recueillir leur ressentis. Ce travail «&nbsp;d’aller-vers&nbsp;», couplé à des ateliers de réflexion, a permis de mettre en exergue plusieurs axes prioritaires&nbsp;d’intervention pour la période 2022-2025 : Orientation 1. Faciliter les pratiques socio-culturelles des habitants Orientation 2. Soutenir le pouvoir d’agir des habitants dans leur parcours de vie et leur engagement citoyen Orientation 3. Accompagner les habitants dans l’amélioration de leur cadre de vie Orientation 4. Conscientiser les habitants aux enjeux du numérique dans leur vie quotidienne</p>
