{"id":234,"date":"2023-08-02T15:35:45","date_gmt":"2023-08-02T13:35:45","guid":{"rendered":"https:\/\/cs-lagarde.fr\/?page_id=234"},"modified":"2026-01-28T17:38:15","modified_gmt":"2026-01-28T16:38:15","slug":"la-gouvernance","status":"publish","type":"page","link":"https:\/\/cs-lagarde.fr\/?page_id=234","title":{"rendered":"La gouvernance"},"content":{"rendered":"\n<p class=\"has-large-font-size\"><strong><mark style=\"background-color:rgba(0, 0, 0, 0)\" class=\"has-inline-color has-luminous-vivid-orange-color\">Le Conseil d&rsquo;administration<\/mark><\/strong><\/p>\n\n\n\n<p>Le Centre social et culturel la Garde est une association ind\u00e9pendante (loi 1901). Son Conseil d&rsquo;Administration (CA) est compos\u00e9 int\u00e9gralement de b\u00e9n\u00e9voles qui fr\u00e9quentent r\u00e9guli\u00e8rement le centre et habitent (ou ont habit\u00e9) sa zone de vie sociale. Cet espace participatif est \u00e0 la fois un lieu de r\u00e9flexion et un lieu de d\u00e9cision. La recherche permanente de l&rsquo;implication des habitantes et leur participation active au CA, font de celui-ci le rouage principal dans le fonctionnement du centre.<\/p>\n\n\n\n<p>En 2026, le CA est compos\u00e9 de 28 b\u00e9n\u00e9voles \u00e9lus lors de l&rsquo;Assembl\u00e9e G\u00e9n\u00e9rale de mai 2025 :<\/p>\n\n\n\n<p><strong><em><mark style=\"background-color:rgba(0, 0, 0, 0)\" class=\"has-inline-color has-luminous-vivid-orange-color\">Le Bureau :<\/mark><\/em><\/strong><\/p>\n\n\n\n<ul class=\"wp-block-list\">\n<li><strong>Pr\u00e9sidente<\/strong> : CHAMASSI Barirati<\/li>\n\n\n\n<li><strong>Tr\u00e9sorier <\/strong>: BRUN Jean-Pierre<\/li>\n\n\n\n<li><strong>Secr\u00e9taire <\/strong>: LAURENT Christelle<\/li>\n<\/ul>\n\n\n\n<p><strong><em><mark style=\"background-color:rgba(0, 0, 0, 0)\" class=\"has-inline-color has-luminous-vivid-orange-color\">Les instances participatives<\/mark><\/em><\/strong><\/p>\n\n\n\n<p>  <strong><mark style=\"background-color:rgba(0, 0, 0, 0)\" class=\"has-inline-color has-vivid-purple-color\">Le Collectif Famille :<\/mark><\/strong><\/p>\n\n\n\n<p>Ce collectif est charg\u00e9 de la programmation des initiatives, actions du secteur famille et de l\u2019\u00e9mergence de nouveaux projets \u00e9manant de la dynamique d\u2019animation. Ce collectif est \u00e9galement en interaction avec l\u2019ensemble des secteurs du centre social, cr\u00e9ant des passerelles entre les g\u00e9n\u00e9rations, des projets partag\u00e9s.<\/p>\n\n\n\n<p>  <strong><mark style=\"background-color:rgba(0, 0, 0, 0)\" class=\"has-inline-color has-vivid-purple-color\">Le Collectif jeune \u00ab\u00a0I Have Dreams\u00a0\u00bb:<\/mark><\/strong><\/p>\n\n\n\n<p>Le collectif, compos\u00e9 d&rsquo;une trentaine de personnes, se r\u00e9unit g\u00e9n\u00e9ralement une fois par semaine, le vendredi de 17h \u00e0 19h, pour r\u00e9fl\u00e9chir et travailler sur leurs projets, avec l&rsquo;appui de l&rsquo;\u00e9quipe d&rsquo;animation. Ils sont \u00e9galement partie prenante dans le fonctionnement de l\u2019espace jeunes avec des temps de concertation avec les salari\u00e9s du secteur jeunes.<\/p>\n\n\n\n<p><\/p>\n","protected":false},"excerpt":{"rendered":"<p>Le Conseil d&rsquo;administration Le Centre social et culturel la Garde est une association ind\u00e9pendante (loi 1901). Son Conseil d&rsquo;Administration (CA) est compos\u00e9 int\u00e9gralement de b\u00e9n\u00e9voles qui fr\u00e9quentent r\u00e9guli\u00e8rement le centre et habitent (ou ont habit\u00e9) sa zone de vie sociale. Cet espace participatif est \u00e0 la fois un lieu de r\u00e9flexion et un lieu de d\u00e9cision. La recherche permanente de l&rsquo;implication des habitantes et leur participation active au CA, font de celui-ci le rouage principal dans le fonctionnement du centre. En 2026, le CA est compos\u00e9 de 28 b\u00e9n\u00e9voles \u00e9lus lors de l&rsquo;Assembl\u00e9e G\u00e9n\u00e9rale de mai 2025 : Le Bureau : Les instances participatives Le Collectif Famille : Ce collectif est charg\u00e9 de la programmation des initiatives, actions du secteur famille et de l\u2019\u00e9mergence de nouveaux projets \u00e9manant de la dynamique d\u2019animation. Ce collectif est \u00e9galement en interaction avec l\u2019ensemble des secteurs du centre social, cr\u00e9ant des passerelles entre les g\u00e9n\u00e9rations, des projets partag\u00e9s. Le Collectif jeune \u00ab\u00a0I Have Dreams\u00a0\u00bb: Le collectif, compos\u00e9 d&rsquo;une trentaine de personnes, se r\u00e9unit g\u00e9n\u00e9ralement une fois par semaine, le vendredi de 17h \u00e0 19h, pour r\u00e9fl\u00e9chir et travailler sur leurs projets, avec l&rsquo;appui de l&rsquo;\u00e9quipe d&rsquo;animation. Ils sont \u00e9galement partie prenante dans le fonctionnement de l\u2019espace jeunes avec des temps de concertation avec les salari\u00e9s du secteur jeunes.<\/p>\n","protected":false},"author":1,"featured_media":0,"parent":0,"menu_order":0,"comment_status":"closed","ping_status":"closed","template":"","meta":{"_monsterinsights_skip_tracking":false,"_monsterinsights_sitenote_active":false,"_monsterinsights_sitenote_note":"","_monsterinsights_sitenote_category":0,"_themeisle_gutenberg_block_has_review":false,"footnotes":""},"class_list":["post-234","page","type-page","status-publish","hentry"],"aioseo_notices":[],"_links":{"self":[{"href":"https:\/\/cs-lagarde.fr\/index.php?rest_route=\/wp\/v2\/pages\/234","targetHints":{"allow":["GET"]}}],"collection":[{"href":"https:\/\/cs-lagarde.fr\/index.php?rest_route=\/wp\/v2\/pages"}],"about":[{"href":"https:\/\/cs-lagarde.fr\/index.php?rest_route=\/wp\/v2\/types\/page"}],"author":[{"embeddable":true,"href":"https:\/\/cs-lagarde.fr\/index.php?rest_route=\/wp\/v2\/users\/1"}],"replies":[{"embeddable":true,"href":"https:\/\/cs-lagarde.fr\/index.php?rest_route=%2Fwp%2Fv2%2Fcomments&post=234"}],"version-history":[{"count":13,"href":"https:\/\/cs-lagarde.fr\/index.php?rest_route=\/wp\/v2\/pages\/234\/revisions"}],"predecessor-version":[{"id":1714,"href":"https:\/\/cs-lagarde.fr\/index.php?rest_route=\/wp\/v2\/pages\/234\/revisions\/1714"}],"wp:attachment":[{"href":"https:\/\/cs-lagarde.fr\/index.php?rest_route=%2Fwp%2Fv2%2Fmedia&parent=234"}],"curies":[{"name":"wp","href":"https:\/\/api.w.org\/{rel}","templated":true}]}}

<p class="has-large-font-size"><strong><mark style="background-color:rgba(0, 0, 0, 0)" class="has-inline-color has-luminous-vivid-orange-color">Le Conseil d&rsquo;administration</mark></strong></p>



<p>Le Centre social et culturel la Garde est une association indépendante (loi 1901). Son Conseil d&rsquo;Administration (CA) est composé intégralement de bénévoles qui fréquentent régulièrement le centre et habitent (ou ont habité) sa zone de vie sociale. Cet espace participatif est à la fois un lieu de réflexion et un lieu de décision. La recherche permanente de l&rsquo;implication des habitantes et leur participation active au CA, font de celui-ci le rouage principal dans le fonctionnement du centre.</p>



<p>En 2026, le CA est composé de 28 bénévoles élus lors de l&rsquo;Assemblée Générale de mai 2025 :</p>



<p><strong><em><mark style="background-color:rgba(0, 0, 0, 0)" class="has-inline-color has-luminous-vivid-orange-color">Le Bureau :</mark></em></strong></p>



<ul class="wp-block-list">
<li><strong>Présidente</strong> : CHAMASSI Barirati</li>



<li><strong>Trésorier </strong>: BRUN Jean-Pierre</li>



<li><strong>Secrétaire </strong>: LAURENT Christelle</li>
</ul>



<p><strong><em><mark style="background-color:rgba(0, 0, 0, 0)" class="has-inline-color has-luminous-vivid-orange-color">Les instances participatives</mark></em></strong></p>



<p>  <strong><mark style="background-color:rgba(0, 0, 0, 0)" class="has-inline-color has-vivid-purple-color">Le Collectif Famille :</mark></strong></p>



<p>Ce collectif est chargé de la programmation des initiatives, actions du secteur famille et de l’émergence de nouveaux projets émanant de la dynamique d’animation. Ce collectif est également en interaction avec l’ensemble des secteurs du centre social, créant des passerelles entre les générations, des projets partagés.</p>



<p>  <strong><mark style="background-color:rgba(0, 0, 0, 0)" class="has-inline-color has-vivid-purple-color">Le Collectif jeune « I Have Dreams »:</mark></strong></p>



<p>Le collectif, composé d&rsquo;une trentaine de personnes, se réunit généralement une fois par semaine, le vendredi de 17h à 19h, pour réfléchir et travailler sur leurs projets, avec l&rsquo;appui de l&rsquo;équipe d&rsquo;animation. Ils sont également partie prenante dans le fonctionnement de l’espace jeunes avec des temps de concertation avec les salariés du secteur jeunes.</p>



<p></p>

<p>Le Conseil d&rsquo;administration Le Centre social et culturel la Garde est une association indépendante (loi 1901). Son Conseil d&rsquo;Administration (CA) est composé intégralement de bénévoles qui fréquentent régulièrement le centre et habitent (ou ont habité) sa zone de vie sociale. Cet espace participatif est à la fois un lieu de réflexion et un lieu de décision. La recherche permanente de l&rsquo;implication des habitantes et leur participation active au CA, font de celui-ci le rouage principal dans le fonctionnement du centre. En 2026, le CA est composé de 28 bénévoles élus lors de l&rsquo;Assemblée Générale de mai 2025 : Le Bureau : Les instances participatives Le Collectif Famille : Ce collectif est chargé de la programmation des initiatives, actions du secteur famille et de l’émergence de nouveaux projets émanant de la dynamique d’animation. Ce collectif est également en interaction avec l’ensemble des secteurs du centre social, créant des passerelles entre les générations, des projets partagés. Le Collectif jeune « I Have Dreams »: Le collectif, composé d&rsquo;une trentaine de personnes, se réunit généralement une fois par semaine, le vendredi de 17h à 19h, pour réfléchir et travailler sur leurs projets, avec l&rsquo;appui de l&rsquo;équipe d&rsquo;animation. Ils sont également partie prenante dans le fonctionnement de l’espace jeunes avec des temps de concertation avec les salariés du secteur jeunes.</p>
