{"id":231,"date":"2023-08-02T15:35:25","date_gmt":"2023-08-02T13:35:25","guid":{"rendered":"https:\/\/cs-lagarde.fr\/?page_id=231"},"modified":"2026-01-28T16:44:55","modified_gmt":"2026-01-28T15:44:55","slug":"lequipe","status":"publish","type":"page","link":"https:\/\/cs-lagarde.fr\/?page_id=231","title":{"rendered":"L&rsquo;\u00e9quipe"},"content":{"rendered":"\n<p>L\u2019\u00e9quipe du Centre Social est compos\u00e9e de treize salari\u00e9s permanents, compl\u00e9t\u00e9e r\u00e9guli\u00e8rement par des animateurs vacataires et des b\u00e9n\u00e9voles pour animer les activit\u00e9s et faire vivre les projets.<\/p>\n\n\n\n<p>L\u2019\u00e9quipe s\u2019organise ainsi :<\/p>\n\n\n\n<p><strong>Fonctions supports :<\/strong><\/p>\n\n\n\n<ul class=\"wp-block-list\">\n<li><strong>Accueil <\/strong>: BELHABIB Afida <\/li>\n\n\n\n<li><strong>Entretien <\/strong>: BENKHIRA Messaouda<\/li>\n\n\n\n<li><strong>Comptabilit\u00e9 <\/strong>: MOLTENO Florence<\/li>\n\n\n\n<li><strong>Direction<\/strong> : CHAPPUT Marie<\/li>\n<\/ul>\n\n\n\n<p><strong>Secteur Familles :<\/strong><\/p>\n\n\n\n<ul class=\"wp-block-list\">\n<li><strong>Coordinatrice Famille : <\/strong>RICCIARDI Brigitte<\/li>\n<\/ul>\n\n\n\n<p><strong>Secteur Enfance :<\/strong><\/p>\n\n\n\n<ul class=\"wp-block-list\">\n<li><strong>Coordinatrice Enfance :<\/strong> LAJILI Laila<\/li>\n<\/ul>\n\n\n\n<p><strong>Secteur Jeunesse :<\/strong> <\/p>\n\n\n\n<ul class=\"wp-block-list\">\n<li><strong>R\u00e9f\u00e9rent Pr\u00e9vention Jeunesse :<\/strong> <\/li>\n\n\n\n<li><strong>Coordinateur Jeunesse&nbsp;: <\/strong>DIALLO Samcidine<\/li>\n<\/ul>\n\n\n\n<p><\/p>\n\n\n\n<ul class=\"wp-block-list\">\n<li><strong>Animateur Emploi (MOVE) : <\/strong>MZIMBA Sagaf<\/li>\n\n\n\n<li><strong>Animatrice Socio-linguistique : <\/strong>LEMASSON-REGNIER Anne<\/li>\n<\/ul>\n\n\n\n<p><\/p>\n\n\n\n<ul class=\"wp-block-list\">\n<li><strong>Psychologue : <\/strong>PAYAN Sophie<\/li>\n\n\n\n<li><strong>Psychologue : <\/strong>FOURNIER Jean-Paul<\/li>\n\n\n\n<li><strong>Professeure de sport : <\/strong>MAHEZA Patricia<\/li>\n<\/ul>\n\n\n\n<figure class=\"wp-block-image size-large\"><img fetchpriority=\"high\" decoding=\"async\" width=\"724\" height=\"1024\" src=\"https:\/\/cs-lagarde.fr\/wp-content\/uploads\/2026\/01\/Fonctions-supports1-724x1024.png\" alt=\"\" class=\"wp-image-1708\" srcset=\"https:\/\/cs-lagarde.fr\/wp-content\/uploads\/2026\/01\/Fonctions-supports1-724x1024.png 724w, https:\/\/cs-lagarde.fr\/wp-content\/uploads\/2026\/01\/Fonctions-supports1-212x300.png 212w, https:\/\/cs-lagarde.fr\/wp-content\/uploads\/2026\/01\/Fonctions-supports1-768x1086.png 768w, https:\/\/cs-lagarde.fr\/wp-content\/uploads\/2026\/01\/Fonctions-supports1-1086x1536.png 1086w, https:\/\/cs-lagarde.fr\/wp-content\/uploads\/2026\/01\/Fonctions-supports1-1448x2048.png 1448w, https:\/\/cs-lagarde.fr\/wp-content\/uploads\/2026\/01\/Fonctions-supports1.png 1587w\" sizes=\"(max-width: 724px) 100vw, 724px\" \/><\/figure>\n","protected":false},"excerpt":{"rendered":"<p>L\u2019\u00e9quipe du Centre Social est compos\u00e9e de treize salari\u00e9s permanents, compl\u00e9t\u00e9e r\u00e9guli\u00e8rement par des animateurs vacataires et des b\u00e9n\u00e9voles pour animer les activit\u00e9s et faire vivre les projets. L\u2019\u00e9quipe s\u2019organise ainsi : Fonctions supports : Secteur Familles : Secteur Enfance : Secteur Jeunesse :<\/p>\n","protected":false},"author":1,"featured_media":0,"parent":0,"menu_order":0,"comment_status":"closed","ping_status":"closed","template":"","meta":{"_monsterinsights_skip_tracking":false,"_monsterinsights_sitenote_active":false,"_monsterinsights_sitenote_note":"","_monsterinsights_sitenote_category":0,"_themeisle_gutenberg_block_has_review":false,"footnotes":""},"class_list":["post-231","page","type-page","status-publish","hentry"],"aioseo_notices":[],"_links":{"self":[{"href":"https:\/\/cs-lagarde.fr\/index.php?rest_route=\/wp\/v2\/pages\/231","targetHints":{"allow":["GET"]}}],"collection":[{"href":"https:\/\/cs-lagarde.fr\/index.php?rest_route=\/wp\/v2\/pages"}],"about":[{"href":"https:\/\/cs-lagarde.fr\/index.php?rest_route=\/wp\/v2\/types\/page"}],"author":[{"embeddable":true,"href":"https:\/\/cs-lagarde.fr\/index.php?rest_route=\/wp\/v2\/users\/1"}],"replies":[{"embeddable":true,"href":"https:\/\/cs-lagarde.fr\/index.php?rest_route=%2Fwp%2Fv2%2Fcomments&post=231"}],"version-history":[{"count":17,"href":"https:\/\/cs-lagarde.fr\/index.php?rest_route=\/wp\/v2\/pages\/231\/revisions"}],"predecessor-version":[{"id":1709,"href":"https:\/\/cs-lagarde.fr\/index.php?rest_route=\/wp\/v2\/pages\/231\/revisions\/1709"}],"wp:attachment":[{"href":"https:\/\/cs-lagarde.fr\/index.php?rest_route=%2Fwp%2Fv2%2Fmedia&parent=231"}],"curies":[{"name":"wp","href":"https:\/\/api.w.org\/{rel}","templated":true}]}}

L&rsquo;équipe

<p>L’équipe du Centre Social est composée de treize salariés permanents, complétée régulièrement par des animateurs vacataires et des bénévoles pour animer les activités et faire vivre les projets.</p>



<p>L’équipe s’organise ainsi :</p>



<p><strong>Fonctions supports :</strong></p>



<ul class="wp-block-list">
<li><strong>Accueil </strong>: BELHABIB Afida </li>



<li><strong>Entretien </strong>: BENKHIRA Messaouda</li>



<li><strong>Comptabilité </strong>: MOLTENO Florence</li>



<li><strong>Direction</strong> : CHAPPUT Marie</li>
</ul>



<p><strong>Secteur Familles :</strong></p>



<ul class="wp-block-list">
<li><strong>Coordinatrice Famille : </strong>RICCIARDI Brigitte</li>
</ul>



<p><strong>Secteur Enfance :</strong></p>



<ul class="wp-block-list">
<li><strong>Coordinatrice Enfance :</strong> LAJILI Laila</li>
</ul>



<p><strong>Secteur Jeunesse :</strong> </p>



<ul class="wp-block-list">
<li><strong>Référent Prévention Jeunesse :</strong> </li>



<li><strong>Coordinateur Jeunesse&nbsp;: </strong>DIALLO Samcidine</li>
</ul>



<p></p>



<ul class="wp-block-list">
<li><strong>Animateur Emploi (MOVE) : </strong>MZIMBA Sagaf</li>



<li><strong>Animatrice Socio-linguistique : </strong>LEMASSON-REGNIER Anne</li>
</ul>



<p></p>



<ul class="wp-block-list">
<li><strong>Psychologue : </strong>PAYAN Sophie</li>



<li><strong>Psychologue : </strong>FOURNIER Jean-Paul</li>



<li><strong>Professeure de sport : </strong>MAHEZA Patricia</li>
</ul>



<figure class="wp-block-image size-large"><img fetchpriority="high" decoding="async" width="724" height="1024" src="https://cs-lagarde.fr/wp-content/uploads/2026/01/Fonctions-supports1-724x1024.png" alt="" class="wp-image-1708" srcset="https://cs-lagarde.fr/wp-content/uploads/2026/01/Fonctions-supports1-724x1024.png 724w, https://cs-lagarde.fr/wp-content/uploads/2026/01/Fonctions-supports1-212x300.png 212w, https://cs-lagarde.fr/wp-content/uploads/2026/01/Fonctions-supports1-768x1086.png 768w, https://cs-lagarde.fr/wp-content/uploads/2026/01/Fonctions-supports1-1086x1536.png 1086w, https://cs-lagarde.fr/wp-content/uploads/2026/01/Fonctions-supports1-1448x2048.png 1448w, https://cs-lagarde.fr/wp-content/uploads/2026/01/Fonctions-supports1.png 1587w" sizes="(max-width: 724px) 100vw, 724px" /></figure>

<p>L’équipe du Centre Social est composée de treize salariés permanents, complétée régulièrement par des animateurs vacataires et des bénévoles pour animer les activités et faire vivre les projets. L’équipe s’organise ainsi : Fonctions supports : Secteur Familles : Secteur Enfance : Secteur Jeunesse :</p>
