{"id":203,"date":"2023-08-02T12:59:49","date_gmt":"2023-08-02T10:59:49","guid":{"rendered":"https:\/\/cs-lagarde.fr\/?page_id=203"},"modified":"2025-03-13T16:13:08","modified_gmt":"2025-03-13T15:13:08","slug":"le-centre","status":"publish","type":"page","link":"https:\/\/cs-lagarde.fr\/?page_id=203","title":{"rendered":"Centre Social et Culturel La Garde"},"content":{"rendered":"\n<figure class=\"wp-block-image size-large\"><img fetchpriority=\"high\" decoding=\"async\" width=\"1024\" height=\"752\" src=\"https:\/\/cs-lagarde.fr\/wp-content\/uploads\/2023\/08\/Centre-Social-1024x752.jpg\" alt=\"\" class=\"wp-image-385\" srcset=\"https:\/\/cs-lagarde.fr\/wp-content\/uploads\/2023\/08\/Centre-Social-1024x752.jpg 1024w, https:\/\/cs-lagarde.fr\/wp-content\/uploads\/2023\/08\/Centre-Social-300x220.jpg 300w, https:\/\/cs-lagarde.fr\/wp-content\/uploads\/2023\/08\/Centre-Social-768x564.jpg 768w, https:\/\/cs-lagarde.fr\/wp-content\/uploads\/2023\/08\/Centre-Social-1536x1128.jpg 1536w, https:\/\/cs-lagarde.fr\/wp-content\/uploads\/2023\/08\/Centre-Social-2048x1504.jpg 2048w\" sizes=\"(max-width: 1024px) 100vw, 1024px\" \/><\/figure>\n\n\n\n<p>Le centre social et culturel la Garde est une association g\u00e9r\u00e9e par conseil d\u2019administration compos\u00e9 d\u2019habitants d\u00e9fendant un projet social participatif \u00e0 l\u2019\u00e9chelle de son territoire (bassin de la Rose, 13013 Marseille).<\/p>\n\n\n\n<p>Au quotidien une \u00e9quipe de professionnels et de b\u00e9n\u00e9voles met en place des activit\u00e9s, des actions et des services pour un public interg\u00e9n\u00e9rationnel avec le soutien actif de partenaires.<\/p>\n\n\n\n<p>L\u2019association \u00ab&nbsp;Centre Social et culturel la Garde&nbsp;\u00bb a \u00e9t\u00e9 cr\u00e9\u00e9e en novembre 1975 \u00e0 l\u2019initiative d\u2019habitants de la cit\u00e9 la Garde.<\/p>\n\n\n\n<p>Retrouvez toutes les activit\u00e9s propos\u00e9es par le Centre Social sur ce document :<\/p>\n\n\n\n<div data-wp-interactive=\"core\/file\" class=\"wp-block-file\"><object data-wp-bind--hidden=\"!state.hasPdfPreview\" hidden class=\"wp-block-file__embed\" data=\"https:\/\/cs-lagarde.fr\/wp-content\/uploads\/2025\/03\/A5-PLAQUETTE-ASSOCIATION-2024-2025-1.pdf\" type=\"application\/pdf\" style=\"width:100%;height:600px\" aria-label=\"Contenu embarqu\u00e9 A5-PLAQUETTE-ASSOCIATION-2024-2025-1.\"><\/object><a id=\"wp-block-file--media-8d4bd392-d586-4e37-bec7-f07cd638a2f2\" href=\"https:\/\/cs-lagarde.fr\/wp-content\/uploads\/2025\/03\/A5-PLAQUETTE-ASSOCIATION-2024-2025-1.pdf\">A5-PLAQUETTE-ASSOCIATION-2024-2025-1<\/a><a href=\"https:\/\/cs-lagarde.fr\/wp-content\/uploads\/2025\/03\/A5-PLAQUETTE-ASSOCIATION-2024-2025-1.pdf\" class=\"wp-block-file__button wp-element-button\" download aria-describedby=\"wp-block-file--media-8d4bd392-d586-4e37-bec7-f07cd638a2f2\">T\u00e9l\u00e9charger<\/a><\/div>\n\n\n\n<p><\/p>\n\n\n\n<p><\/p>\n","protected":false},"excerpt":{"rendered":"<p>Le centre social et culturel la Garde est une association g\u00e9r\u00e9e par conseil d\u2019administration compos\u00e9 d\u2019habitants d\u00e9fendant un projet social participatif \u00e0 l\u2019\u00e9chelle de son territoire (bassin de la Rose, 13013 Marseille). Au quotidien une \u00e9quipe de professionnels et de b\u00e9n\u00e9voles met en place des activit\u00e9s, des actions et des services pour un public interg\u00e9n\u00e9rationnel avec le soutien actif de partenaires. L\u2019association \u00ab&nbsp;Centre Social et culturel la Garde&nbsp;\u00bb a \u00e9t\u00e9 cr\u00e9\u00e9e en novembre 1975 \u00e0 l\u2019initiative d\u2019habitants de la cit\u00e9 la Garde. Retrouvez toutes les activit\u00e9s propos\u00e9es par le Centre Social sur ce document :<\/p>\n","protected":false},"author":1,"featured_media":0,"parent":0,"menu_order":0,"comment_status":"closed","ping_status":"closed","template":"","meta":{"_monsterinsights_skip_tracking":false,"_monsterinsights_sitenote_active":false,"_monsterinsights_sitenote_note":"","_monsterinsights_sitenote_category":0,"_themeisle_gutenberg_block_has_review":false,"footnotes":""},"class_list":["post-203","page","type-page","status-publish","hentry"],"aioseo_notices":[],"_links":{"self":[{"href":"https:\/\/cs-lagarde.fr\/index.php?rest_route=\/wp\/v2\/pages\/203","targetHints":{"allow":["GET"]}}],"collection":[{"href":"https:\/\/cs-lagarde.fr\/index.php?rest_route=\/wp\/v2\/pages"}],"about":[{"href":"https:\/\/cs-lagarde.fr\/index.php?rest_route=\/wp\/v2\/types\/page"}],"author":[{"embeddable":true,"href":"https:\/\/cs-lagarde.fr\/index.php?rest_route=\/wp\/v2\/users\/1"}],"replies":[{"embeddable":true,"href":"https:\/\/cs-lagarde.fr\/index.php?rest_route=%2Fwp%2Fv2%2Fcomments&post=203"}],"version-history":[{"count":6,"href":"https:\/\/cs-lagarde.fr\/index.php?rest_route=\/wp\/v2\/pages\/203\/revisions"}],"predecessor-version":[{"id":1222,"href":"https:\/\/cs-lagarde.fr\/index.php?rest_route=\/wp\/v2\/pages\/203\/revisions\/1222"}],"wp:attachment":[{"href":"https:\/\/cs-lagarde.fr\/index.php?rest_route=%2Fwp%2Fv2%2Fmedia&parent=203"}],"curies":[{"name":"wp","href":"https:\/\/api.w.org\/{rel}","templated":true}]}}

<figure class="wp-block-image size-large"><img fetchpriority="high" decoding="async" width="1024" height="752" src="https://cs-lagarde.fr/wp-content/uploads/2023/08/Centre-Social-1024x752.jpg" alt="" class="wp-image-385" srcset="https://cs-lagarde.fr/wp-content/uploads/2023/08/Centre-Social-1024x752.jpg 1024w, https://cs-lagarde.fr/wp-content/uploads/2023/08/Centre-Social-300x220.jpg 300w, https://cs-lagarde.fr/wp-content/uploads/2023/08/Centre-Social-768x564.jpg 768w, https://cs-lagarde.fr/wp-content/uploads/2023/08/Centre-Social-1536x1128.jpg 1536w, https://cs-lagarde.fr/wp-content/uploads/2023/08/Centre-Social-2048x1504.jpg 2048w" sizes="(max-width: 1024px) 100vw, 1024px" /></figure>



<p>Le centre social et culturel la Garde est une association gérée par conseil d’administration composé d’habitants défendant un projet social participatif à l’échelle de son territoire (bassin de la Rose, 13013 Marseille).</p>



<p>Au quotidien une équipe de professionnels et de bénévoles met en place des activités, des actions et des services pour un public intergénérationnel avec le soutien actif de partenaires.</p>



<p>L’association «&nbsp;Centre Social et culturel la Garde&nbsp;» a été créée en novembre 1975 à l’initiative d’habitants de la cité la Garde.</p>



<p>Retrouvez toutes les activités proposées par le Centre Social sur ce document :</p>



<div data-wp-interactive="core/file" class="wp-block-file"><object data-wp-bind--hidden="!state.hasPdfPreview" hidden class="wp-block-file__embed" data="https://cs-lagarde.fr/wp-content/uploads/2025/03/A5-PLAQUETTE-ASSOCIATION-2024-2025-1.pdf" type="application/pdf" style="width:100%;height:600px" aria-label="Contenu embarqué A5-PLAQUETTE-ASSOCIATION-2024-2025-1."></object><a id="wp-block-file--media-8d4bd392-d586-4e37-bec7-f07cd638a2f2" href="https://cs-lagarde.fr/wp-content/uploads/2025/03/A5-PLAQUETTE-ASSOCIATION-2024-2025-1.pdf">A5-PLAQUETTE-ASSOCIATION-2024-2025-1</a><a href="https://cs-lagarde.fr/wp-content/uploads/2025/03/A5-PLAQUETTE-ASSOCIATION-2024-2025-1.pdf" class="wp-block-file__button wp-element-button" download aria-describedby="wp-block-file--media-8d4bd392-d586-4e37-bec7-f07cd638a2f2">Télécharger</a></div>



<p></p>



<p></p>

<p>Le centre social et culturel la Garde est une association gérée par conseil d’administration composé d’habitants défendant un projet social participatif à l’échelle de son territoire (bassin de la Rose, 13013 Marseille). Au quotidien une équipe de professionnels et de bénévoles met en place des activités, des actions et des services pour un public intergénérationnel avec le soutien actif de partenaires. L’association «&nbsp;Centre Social et culturel la Garde&nbsp;» a été créée en novembre 1975 à l’initiative d’habitants de la cité la Garde. Retrouvez toutes les activités proposées par le Centre Social sur ce document :</p>
